 g = -30 + 41. Let n = g - 6. Let o(u) = u**3 - 4*u**2 - 5*u - 5. Determine o(n).
-5
Let x(k) = 3*k + 1. Suppose -64*j = -60*j. Suppose -c + 2*m + 3 = j, -2*m - 2*m = 4. What is x(c)?
4
Let i(w) = -2*w + 12. Let k be i(5). Suppose -k*a = 3*a - 15. Let n(z) = -z**a + 2*z + z**2 + 0*z**3 + 6 - 5*z**2. What is n(-4)?
-2
Let n = 22 - 33. Let k = n - -16. Let b(m) = m - 2. What is b(k)?
3
Let h(t) = 16*t**3 + 26*t**2 - 37*t - 20. Let m(a) = -3*a**3 - 5*a**2 + 7*a + 4. Let z(u) = 2*h(u) + 11*m(u). Give z(3).
-41
Let i(u) = -3*u - 4. Let l(j) = -j + 2. Let p be l(7). Let d(t) = -4*t - 3. Let r(y) = p*i(y) + 4*d(y). Let v = -664 + 670. What is r(v)?
2
Let q(k) = -k**3 + 2*k**2 - 7*k - 5. Let y(o) = o**3 - 2*o**2 + 8*o + 8. Let u(z) = 4*q(z) + 3*y(z). Calculate u(3).
-17
Let z(k) be the second derivative of 7*k**4/3 + k**3/6 - 118*k. What is z(1)?
29
Let w(a) = a**3 - 8*a**2 - 4. Let u = 294 - 286. Calculate w(u).
-4
Let k = 41 + -42. Let x(p) = -34*p**2 - 2*p - 2. Calculate x(k).
-34
Let v(f) = -f. Let d(k) = -5*k - 2. Let h = 40 - 43. Let g(w) = h*v(w) + d(w). Determine g(2).
-6
Let k(l) = 3*l - 9. Let n be k(4). Let q = 1 + n. Let w(j) = -3*j**2 + 2*j**2 - q*j - 2*j - 6. Calculate w(-6).
-6
Let k(m) = 2*m**2 - 8*m - 12. Suppose -5*s - z + 8 + 18 = 0, 3*s + 2*z = 17. Calculate k(s).
-2
Let y(a) = -a**2 - 8*a - 10. Let o(n) = n**2 + 7*n + 11. Let w be o(-6). Suppose z - 36 = w*l, 6 = -3*z - 6. What is y(l)?
-10
Let a(g) = g - 1. Let q(v) = -5*v. Let j(k) = k. Let d(o) = -4*j(o) - q(o). Let t = 1 + 0. Let i(f) = t*d(f) + a(f). Determine i(3).
5
Let v = -2/1829 + 1841/10974. Let w(c) be the second derivative of 7*c + 0 + c**2 - v*c**3. Determine w(3).
-1
Let u(h) = h + 11. Let o be u(-8). Let m(b) = -2 + 3*b**2 + b**3 - 3*b**2 - 3*b**2. Give m(o).
-2
Let n(w) = 7*w**2 - 7*w - 7. Let r be 0 + -8 + (2 - 0). Let i(k) = -20*k**2 - 7 - 65*k + 85*k + 27. Let j(g) = r*i(g) - 17*n(g). Give j(2).
1
Let f(w) be the second derivative of -w**4/6 - w**3/2 - 2*w**2 - w + 36. Give f(-3).
-13
Let s(t) be the second derivative of 4*t - 1/2*t**2 - 5/6*t**3 + 1/12*t**4 + 0. Let h(b) = 6*b**3. Let p be h(1). Determine s(p).
5
Let h(o) be the first derivative of o**3/3 + 13*o**2/2 + 10*o - 217. Determine h(-12).
-2
Let p = -1 - -1. Let h = -8 + 9. Let n(g) = -3 + 10*g - h - 9*g. Give n(p).
-4
Let m(d) = -3*d**3 - 29*d**2 - 5*d - 13. Let c(v) = 4*v**3 + 43*v**2 + 7*v + 20. Let q(k) = -5*c(k) - 7*m(k). Determine q(12).
-9
Let q(k) = -k**2 + k - 1. Let z(u) = -u**2 - 1. Let p(n) = -n**2 - 4*n - 6. Let o(c) = p(c) - 2*z(c). Let i(x) = -o(x) + q(x). Determine i(4).
-9
Let d = 187 + -187. Let y(j) = j**3 + j**2 + j - 7. Determine y(d).
-7
Let t = 3 - 25. Let x = t + 31. Let f(h) = 2*h**2 + x*h - 3*h**2 + 3 - 10. Calculate f(5).
13
Suppose t + 3*m = 2*m - 1, -5*t + 4*m = -40. Suppose -14 = -t*v + 3*u, -3*u + 4 = -v + 3. Let p(r) = 8 - v + r - r**3 + 0 - 4*r**2. Give p(-3).
-9
Let r(y) be the third derivative of -y**5/15 + y**4/6 - y**3/3 - y**2. Let s(t) = -5*t**3 + t**2 - 1. Let k be s(-1). Suppose d - k = -3. Give r(d).
-10
Suppose -d = x - 3*d - 6, 4*d + 32 = -3*x. Let o(k) = k**2 + 6*k + 10. Let v(h) = -1. Let w(i) = x*v(i) - o(i). Suppose -25 = 6*n - n. Determine w(n).
-1
Let h(x) = x. Let m(g) be the first derivative of -g**3/3 - g**2 + 5. Let t(z) = -5*h(z) - m(z). Let i = 4 + 0. What is t(i)?
4
Suppose 9 - 17 = -2*j. Let f(p) be the third derivative of p**5/60 + p**4/8 + 2*p**3/3 - 3*p**2. Let n(i) be the first derivative of f(i). Determine n(j).
11
Let a(f) = 4*f + 12. Let d(n) = 2*n + 2. Let h(m) = -a(m) + 5*d(m). Give h(9).
52
Let a(m) = m**2 - 8*m + 9. Suppose 0 = 5*d - 2*w - 16 - 18, 0 = -5*d - 3*w + 49. Give a(d).
9
Let p(g) = -6*g**2 - 7*g + 1. Let c(v) = 7*v**2 + 8*v - 2. Let w(n) = 4*c(n) + 5*p(n). Suppose -16*f + 23 = 71. Calculate w(f).
-12
Let y(v) = -v**3 - 1 + 5*v**3 + 92*v**2 - v - 93*v**2 + 8*v**3. Calculate y(-1).
-13
Let f(d) be the first derivative of -d**4/4 + 4*d**3 + 5*d**2 - 415. Determine f(13).
-39
Let y(w) be the third derivative of 1/20*w**5 + 0*w - 1/120*w**6 + 28*w**2 + 0*w**3 - 1/24*w**4 + 0. Give y(3).
-3
Suppose -8*f + 5*f = -b - 22, 4*f = -3*b - 1. Let u(v) = v**3 + 7*v**2 + v + 10. Determine u(b).
3
Let b(y) = -22599 + 22598 + 11*y - 13*y. Let w(i) = i + 5. Let s(z) = z**2 + 7*z - 6. Let u be s(-7). Let x be w(u). Determine b(x).
1
Let x(u) = -u**3 - 19*u**2 + 20*u - 2. Suppose 79*w - 72*w + 140 = 0. Give x(w).
-2
Let b = -1 - -1. Suppose -5*c + 2*d = -10, -5*c - 5*d + 4 = -3*c. Suppose 4*k + 4*o = -b*k - 24, 0 = 2*o + c. Let s(h) = 2*h + 7. Calculate s(k).
-3
Let v = -27 - -28. Let d(l) = -v + l**2 + 0*l + 3 + l + 1. What is d(-3)?
9
Suppose -2*z = -5*h + 331, 6*h - 2*h + z = 257. Suppose 5*o + 4*b = h, 3*b + 0*b = 15. Let f(l) = -l + 11. What is f(o)?
2
Let d(z) = 6 - 11*z + z**3 - 1 - 13*z**2 + 4*z**2. Let t be ((-1060)/(-371))/(2/7). Determine d(t).
-5
Let f(y) = 11*y**3 + 74*y**2 - 2. Let t(r) = 6*r**3 + 42*r**2 - 1. Let j(x) = 4*f(x) - 7*t(x). Determine j(2).
23
Let h(k) = -k**2 - 9*k - 9. Let b(r) = 1. Let n(u) = -u + 8. Let l(w) = 3*b(w) - n(w). Let z be l(-1). Determine h(z).
9
Let l(t) be the first derivative of 2*t**2 + 1/4*t**4 + 5/3*t**3 - 15 - 2*t. Calculate l(-5).
-22
Let h be 8/(-5)*10/4. Let t be h/10 - 440/(-100). Suppose -t*n = -15 - 5. Let w(x) = -x + 11. Calculate w(n).
6
Let t(g) = g + 15. Let d be 162/117*520/60. Give t(d).
27
Let w(y) = -y**2 - 8*y + 16. Let b be w(-9). Let i(p) = -1 - 4 + b*p - 8*p. What is i(-5)?
0
Suppose -2*f = 4*o - 22, 0 = -f - 5*o + 8 + 12. Let c(i) = i**3 - 6*i**2 - i + 2. Determine c(f).
-28
Let t(a) = a**3 + 6*a**2 - 9*a + 1. Suppose 188*f - 2 = 187*f. Suppose x - 5*s = -32, 0*x - s - f = x. Calculate t(x).
15
Let x(l) = -l**3 - l**2 + 5*l + 4. Suppose 2*j - 1 = 19. Let g(i) = i - 5. Let m be g(j). Suppose 2*k = -3*a + 2*a - 10, -11 = -3*k + m*a. Give x(k).
7
Let c(n) be the first derivative of -4*n - 5 - 3*n**2 + 1/3*n**3. Let t = -44 + 51. Determine c(t).
3
Suppose 0 = -4*m - 5*v - 25, v - 1 + 6 = 0. Let g(w) be the third derivative of w**6/120 + w**5/60 + w**4/24 + w**3/3 - w**2 - 23. Give g(m).
2
Let y be 1/((-6)/23) + (-153)/918. Let h(x) = 2*x**3 + 6*x**2 - 13*x + 2. Let o(r) = r**3 + 3*r**2 - 7*r + 1. Let p(v) = 4*h(v) - 7*o(v). Give p(y).
-3
Let b(u) = -3*u**2 - 7 + 3 + 5*u**2 + 0*u**2 - u**2. Suppose -12 = 4*z - 4*p, -2*p - 6 = 4*z - 3*z. Determine b(z).
12
Let l(i) be the first derivative of 1/2*i**2 - 46 - 9*i. Calculate l(4).
-5
Suppose -2*z + 10 = 0, 4*z - 3 = -4*l + 17. Let h(m) = -m**3 + 2*m**2 - 2*m - 6. Let x be h(l). Let t(w) = -w + 8. Give t(x).
14
Let q(x) = x**3 - 7*x**2 + 12*x - 4. Let j(k) = -k**3 - k**2 + 55*k - 3. Let r be j(-8). Calculate q(r).
6
Suppose -2*j + 5*i - i = -8, i = -5*j + 31. Let g(h) = -6 - h - 7 + j. Calculate g(-6).
-1
Let i(v) = -2*v**3 + 10*v**2 + v - 13. Let g(h) = -h**3 + 5*h**2 - 7. Let f(r) = 11*g(r) - 6*i(r). Calculate f(6).
1
Let d(x) = 17*x. Let m be 8/52 + 240/(-39). Let w(g) = -8*g. Let o(v) = m*d(v) - 13*w(v). Give o(6).
12
Suppose -4*i - 3*g + 9 = 0, 2*i + 0*g + 6 = 2*g. Let w(n) = n + 1. Let f be w(1). Let t(a) = -f*a - 7 + 6 + i - 2*a**2 + a**3. Give t(-1).
-2
Let z = 2 - 1. Let r(q) be the first derivative of -q**5/120 - 4*q**3/3 - 1. Let v(u) be the third derivative of r(u). Calculate v(z).
-1
Suppose -82*u - 12 = -79*u - 2*f, -u + 3*f = -3. Let r(j) = j**3 + 6*j**2 - 2*j - 6. Determine r(u).
6
Let b(r) = -2*r**3 + 33*r**2 - 49*r + 62. Let u be b(15). Let z(t) be the first derivative of -t**4/4 - 2*t**3/3 + 3*t**2/2 - t + 2. What is z(u)?
-11
Suppose 4 = 2*s - 4. Let m(c) = -2 + 66*c + c**2 - 33*c - 37*c. Calculate m(s).
-2
Let o(a) = -3*a + 7. Let f(q) = -q**3 - 9*q**2 - 15*q. Let u be f(-7). Determine o(u).
-14
Let v(i) be the third derivative of -i**6/120 - i**5/20 - i**4/12 + i**3/6 + 42*i**2 + i. What is v(-3)?
7
Let t(p) = -19*p**3 - 2*p**2 + 2*p - 1. Let b be (-18)/(-27) - (-1)/3. Let i be t(b). Let l = i + 16. Let f(o) = -o**2 - 7*o - 4. Give f(l).
8
Suppose -3*k - w + 12 = 0, -k - k = -5*w - 25. Let d(a) = 11*a**2 - 3*a - 21. Let v(b) = -5*b**2 + b + 10. Let n(z) = -6*d(z) - 13*v(z). Give n(k).
-4
Let o(y) = -2*y**2. Let l(d) = d**3 - 15*d**2 + 14*d + 6. Let u be l(14). Suppose -u*a + 14 = a. What is o(a)?
-8
Let k(z